a34 (base 13) to base 12.
-214a54
What is -1262554 (base 7) in base 8?
-505357
What is -543761 (base 8) in base 6?
-3523441
Convert 1101010001111010100 (base 2) to base 15.
88e06
Convert -352543 (base 7) to base 16.
-f79c
c1c6 (base 14) to base 6
414054
Convert -100000010101100111110 (base 2) to base 13.
-2b1413
-545560 (base 10) to base 13
-161422
-25590b (base 15) to base 13
-4a914a
-2909735 (base 10) to base 2
-1011000110011000100111
Convert -48bb01 (base 14) to base 13.
-692a59
What is -4242454 (base 6) in base 3?
-101120021121
-167814 (base 10) to base 9
-275170
-146622 (base 12) to base 10
-343034
Convert -29478b (base 12) to base 5.
-134123230
61300 (base 11) to base 5
10331130
-39259 (base 10) to base 14
-10443
-1551113 (base 7) to base 4
-310101023
4cf779 (base 16) to base 9
10437163
Convert 23110200 (base 4) to base 12.
22a00
Convert 2772624 (base 10) to base 2.
1010100100111010010000
Convert -2919166 (base 10) to base 2.
-1011001000101011111110
Convert 101101010110001000000110 (base 2) to base 10.
11887110
What is -39c1a (base 13) in base 14?
-2b271
Convert 5b448 (base 12) to base 2.
11110000110111000
Convert 54542455 (base 6) to base 9.
3055248
What is c99832 (base 13) in base 14?
8b3199
What is 22247420 (base 9) in base 6?
1023004543
Convert 1103143234 (base 5) to base 12.
976b86
What is 1aba912 (base 13) in base 15?
ba552b
Convert -38da8 (base 14) to base 10.
-139896
Convert 14002a (base 11) to base 12.
a713b
7472676 (base 8) to base 10
1996222
a5340d (base 16) to base 12
37615a5
Convert -1323540 (base 8) to base 3.
-200211021021
Convert -53712 (base 12) to base 14.
-2c090
32213 (base 13) to base 12
443bb
-23005421 (base 6) to base 13
-1b7150
-138593 (base 13) to base 14
-c5417
Convert -23374 (base 9) to base 4.
-3310003
What is 2124326 (base 7) in base 6?
5312302
What is 26b198 (base 12) in base 5?
131010343
Convert 600497 (base 11) to base 2.
11101100000011110000
What is 33124412 (base 5) in base 8?
1057030
Convert -302133333 (base 4) to base 12.
-9b853
Convert -100211002002 (base 3) to base 5.
-22140431
What is -1ca025 (base 14) in base 6?
-33555201
Convert -63c83 (base 16) to base 13.
-114050
-20200001112000 (base 3) to base 9
-6601460
What is -347b0 (base 14) in base 9?
-214214
-1060eb (base 15) to base 3
-1110121202012
What is 123511 (base 12) in base 6?
10203221
-1725773 (base 10) to base 9
-3220275
1000010110010010011010 (base 2) to base 6
114523402
Convert 2011111210 (base 3) to base 11.
2a057
Convert 109179 (base 10) to base 14.
2bb07
4447a17 (base 11) to base 8
35601405
-21111110220 (base 3) to base 5
-14210411
404201 (base 6) to base 3
1121221201
1351414 (base 6) to base 2
10010110000100010
13036415 (base 7) to base 2
100100001100010100111
Convert -4160506 (base 7) to base 16.
-7a92c
What is 8d667 (base 14) in base 4?
1110003023
Convert 11230134 (base 5) to base 2.
11000111000011111
What is -51049 (base 13) in base 7?
-1142632
Convert -26334 (base 9) to base 11.
-12395
What is -2416108 (base 11) in base 3?
-21220220010222
Convert -21020320101 (base 4) to base 16.
-248e11
What is -36864 (base 12) in base 15?
-16d04
3733145 (base 11) to base 16
63080e
Convert -555d7d (base 14) to base 12.
-b78a0b
123661 (base 7) to base 11
16297
17543271 (base 8) to base 2
1111101100011010111001
Convert 1011122112122 (base 3) to base 16.
98171
What is -10010221122001 (base 3) in base 15?
-230657
Convert 121012143 (base 5) to base 14.
109487
Convert 276451 (base 9) to base 10.
168769
-1211212440 (base 5) to base 14
-53b426
What is 44563723 (base 8) in base 3?
200010010120220
Convert -3d964 (base 16) to base 14.
-67d08
Convert -3230612 (base 11) to base 8.
-25530447
6722844 (base 10) to base 8
31512434
What is -8c6a85 (base 14) in base 12?
-1727525
What is -1000112111111001 (base 3) in base 2?
-110111110100110100111010
-5134931 (base 10) to base 7
-61434434
What is -37440 (base 10) in base 14?
-d904
-325185 (base 11) to base 14
-d7372
Convert 212330032 (base 4) to base 2.
100110111100001110
-110011001000111001 (base 2) to base 9
-348288
Convert -3462023 (base 10) to base 16.
-34d387
343140135 (base 6) to base 14
ba41d1
What is -120022100201 (base 3) in base 4?
-1021210123
6031037 (base 9) to base 8
14173604
Convert -3376581 (base 9) to base 7.
-21326452
-200149 (base 12) to base 15
-9c7b0
What is 44204154 (base 6) in base 10?
1322854
-141102 (base 8) to base 15
-eb05
Convert 10204a (base 11) to base 4.
213332313
-63407343 (base 8) to base 6
-1201235323
112021242 (base 5) to base 16
7a6c7
Convert -2043222 (base 6) to base 7.
-562205
Convert -de2c (base 15) to base 11.
-323a9
Convert -7883234 (base 9) to base 16.
-40cf33
-2030401040 (base 5) to base 12
-148361a
What is -42150 (base 13) in base 11?
-81346
-10010100011110001 (base 2) to base 3
-10212021110
What is 642553 (base 8) in base 4?
310111223
-8a20a (base 13) to base 8
-751666
What is -17a72aa (base 11) in base 13?
-82c6c7
What is 1851892 (base 10) in base 11?
1055399
What is 66804 (base 15) in base 4?
1033202230
Convert 11545154 (base 7) to base 9.
1848885
Convert -73877 (base 9) to base 4.
-23323000
Convert -20122021201 (base 3) to base 16.
-1fe8b
What is 1148519 (base 14) in base 13?
19284c3
Convert -346951 (base 13) to base 6.
-42350044
Convert 2b4555 (base 13) to base 10.
1066460
What is -15518 (base 14) in base 7?
-310631
-104034325 (base 7) to base 9
-12666311
d4733 (base 16) to base 11
544877
-30839 (base 14) to base 5
-12214432
Convert -2122044 (base 7) to base 16.
-3ee59
10110111001000110 (base 2) to base 13
338aa
-1241478 (base 9) to base 16
-a542b
-1021100002020 (base 3) to base 13
-1a880c
What is -101000101110110110010 (base 2) in base 15?
-1b5706
What is -aee8 (base 15) in base 14?
-d754
20000300023 (base 4) to base 12
8534b7
41749 (base 10) to base 7
232501
-116557 (base 11) to base 3
-100100212121
112022001201 (base 3) to base 7
2251345
Convert 2788738 (base 9) to base 4.
11312302223
Convert -54ab9d (base 14) to base 15.
-3bb1b4
-73bece (base 15) to base 11
-3122245
What is -19720a (base 14) in base 12?
-37680a
Convert 14114105 (base 6) to base 9.
805615
Convert -1020002111120 (base 3) to base 10.
-651363
2320023003 (base 4) to base 2
10111000001011000011
2003211321 (base 4) to base 12
21bb09
-2231103302 (base 4) to base 6
-23114242
Convert 3541520 (base 7) to base 15.
8c778
5dbca (base 16) to base 15
78b66
What is -1111111101 (base 3) in base 4?
-13031101
4524251 (base 6) to base 10
229063
Convert 7a008 (base 15) to base 13.
107885
What is -1131423414 (base 5) in base 4?
-21330231300
What is -346387 (base 10) in base 9?
-577134
-53633 (base 13) to base 14
-3cb88
What is -1365869 (base 13) in base 14?
-b55d4a
Convert 682483 (base 10) to base 12.
28ab57
-3021022302 (base 4) to base 6
-25354430
What is -100230210 (base 4) in base 10?
-68388
-1042631 (base 8) to base 6
-10000041
-11ba8 (base 13) to base 14
-bd19
Convert 10011100010011000000011 (base 2) to base 5.
2302342124
What is -21061746 (base 9) in base 14?
-14bc8cb
What is -505230 (base 9) in base 7?
-2353644
Convert -143266124 (base 7) to base 13.
-1c63a72
What is 12322403 (base 6) in base 3?
202022100110
Convert -1685b1 (base 14) to base 8.
-3011557
Convert 1305425 (base 7) to base 2.
101001100000010000
What is -218347 (base 13) in base 16?
-c0b29
Convert a9858 (base 13) to base 7.
2415325
Convert -2339588 (base 12) to base 11.
-39227a5
Convert -1413526 (base 7) to base 8.
-560234
Convert -101121110 (base 4) to base 8.
-213124
What is -122010323 (base 4) in base 2?
-11010000100111011
Convert 211310344 (base 5) to base 14.
1907b5
What is -4a03902 (base 12) in base 9?
-30146202
What is 278ca (base 15) in base 10?
126865
Convert -20525451 (base 6) to base 13.
-18138a
Convert -1d688 (base 16) to base 13.
-42a9b
Convert -b5b4a4 (base 12) to base 4.
-22322113330
What is -33020312 (base 4) in base 14?
-18850
-44211311 (base 7) to base 14
-70d441
67439 (base 15) to base 5
41001304
63343 (base 11) to base 16
16859
What is -1224010241 (base 5) in base 14?
-56c673
Convert 221400200 (base 6) to base 9.
7461680
-1b929 (base 15) to base 2
-10101111011010110
Convert c3299 (base 13) to base 5.
42143122
What is -2221000330 (base 4) in base 10?
-692284
What is -592138 (base 16) in base 9?
-11882561
Convert 1980793 (base 11) to